 Calculate f(a).
-65
Let l(w) = -7*w**2 - 10*w - 2. Let h(k) = 6*k**2 + 9*k + 1. Let m(t) = 6*h(t) + 5*l(t). Let d be (-2)/8 + 69/(-12). Let x be 19/(-4) + d/24. What is m(x)?
1
Let r(u) = -16*u + 274. Let q be r(17). Let i(m) = -7*m + 7. Give i(q).
-7
Let f(q) = 2*q**2 + 2*q - 8. Suppose -d = 5*z - 0*d + 23, 2*z + 17 = -3*d. Calculate f(z).
16
Let y(a) = -3*a - 41. Suppose 20*h - 66 = 26*h. What is y(h)?
-8
Let o(g) = 2*g + 7. Let p(u) = -u - 12. Let d(v) = 3*o(v) + 2*p(v). Calculate d(7).
25
Let q(p) = -p**3 + 2*p**2 - 3*p + 7. Let i be (-93)/(-31)*(0 + 1)*1. What is q(i)?
-11
Let f = -20 + 24. Let k be f/3 + 10/(-30). Let i(d) = 7*d + 1. Determine i(k).
8
Let c(h) = -2*h**2 + 17. Let j be c(-3). Let m(u) = 3*u + 1. Calculate m(j).
-2
Let o(r) = -r**2 - 6*r - 2. Suppose 3*d - 4*g + 7 = 28, 0 = -2*d + 2*g + 12. Suppose 3*t - 7*t + 4*p = 8, 0 = -5*t + d*p - 18. What is o(t)?
-2
Let r(u) = u - u**2 - 2*u - u**2. Let n = -828 - -829. Calculate r(n).
-3
Let o = 41 - 37. Let u(g) = -3*g + 3 + o - 5 + 2*g. Determine u(-2).
4
Let o = 10 + -9. Suppose 7*k - 9 = 2*k - 2*p, 5*k - 3*p = 24. Let m(y) = k*y**2 + 0 + 3*y**2 + 2*y - 1. Calculate m(o).
7
Let p(m) = -m. Let r be (-4)/3*6/(-4). Suppose 4*j = 10*j - 12. Suppose 0 = 3*t + 5*f - 20, j*t + r*f - 13 = -5. Calculate p(t).
0
Let f(q) = q**2 + 4*q + 4. Let i be (23/(-2) - 2)*(-46)/(-69). Give f(i).
49
Let d(g) = g**2 - 9*g + 2. Suppose 0 = -6*z + 23 + 25. Determine d(z).
-6
Let y(i) = -i + 1. Let s be y(3). Let j(m) = -2*m - 1. Let l be j(s). Let g(a) = 7*a**2 + l*a - 2*a**2 + a + a**3 + 4. Determine g(-4).
4
Let t(m) = -m**2 - 5*m - 1. Suppose -10*q + 23 = -11*q. Let y = -25 - q. Give t(y).
5
Suppose 52 = 10*p + 12. Let h be 3/p*(5 + -1). Let y(g) = 1 - g + 2*g + 1. Give y(h).
5
Let n(a) be the second derivative of a**5/20 + a**3/6 + a**2/2 - a. Let b be 10/(40/(-12)) + (1 - -2). Give n(b).
1
Let r(z) = -z**3 - 3*z**2 + 4*z - 6. Let c be r(-4). Let l(v) = v**2 + 8*v + 6. Calculate l(c).
-6
Suppose 0 = -3*v + 3*r - 24, 0 = 7*v - 12*v + 3*r - 32. Let d(g) be the second derivative of -g**3/2 - 3*g**2 - g. What is d(v)?
6
Let i(n) = 12*n**3 + 2*n + 1. Let v = 81 - 77. Let o be ((-5)/(-2) - 3)*(v + -2). Give i(o).
-13
Let l = -17 + 13. Let k(b) = -3*b - 7. Let x be k(l). Let o(a) = 0 - 5 + 2*a - a**3 + 5*a**2 - x*a. Calculate o(4).
-1
Let h(a) = -5*a**2 - a + 2. Suppose -x - 3*i + 18 = 4, 6 = -3*x + 3*i. Calculate h(x).
-20
Let r(s) be the third derivative of s**6/180 - s**5/120 + 3*s**4/4 + 50*s**2. Let j(k) be the second derivative of r(k). Determine j(-1).
-5
Let h(k) = 9*k**2 - k. Let b(v) = -2*v - 19. Let r = 41 - 50. Let a be b(r). Give h(a).
10
Let b(h) = -15*h + 7. Suppose 0 = -5*z - 5*g + 2*g, 3*g = -15. What is b(z)?
-38
Suppose -4*m = -j - 26 - 52, 0 = -3*m + 4*j + 52. Let a(r) = -r + 25. What is a(m)?
5
Let y(u) = 28*u - u**2 + 1 - 10*u + 2*u**2 - 19*u. Determine y(2).
3
Let t(r) = 6*r + 1. Let a(i) = -6*i + 7 + 7*i - 6. Let j(s) = -4*a(s) + t(s). Determine j(2).
1
Let g = -178 + 172. Let f(j) = -2*j - 9. What is f(g)?
3
Suppose -2*s = 2*s - 20. Suppose s*c + 6 = -44. Let d be 25/c*(-1 + 3). Let n(f) = -f**3 - 4*f**2 + 6*f. Give n(d).
-5
Suppose 0 = -28*x + 10*x + 216. Let v(m) = m - 12. Calculate v(x).
0
Suppose 0*m = 3*l + 3*m - 6, -4*l = 3*m - 8. Let t(n) = 3*n**2 - 6*n - 4*n**2 - 4*n**l + 4*n**2 + 4. Calculate t(-6).
4
Let j(g) = -g**2 + 33 - 14 - 6 - 5*g - 5. Calculate j(-6).
2
Let z(t) = t**3 + 5*t**2 - t + 1. Let q be ((-12)/(-3))/(4/14). Suppose -4*m + 5 = -j + 16, -m = 2*j + q. What is z(j)?
6
Let p(s) = 5*s**3 - 15*s**2 - 2*s - 12. Let t(f) = -4*f**3 + 14*f**2 + f + 13. Let y(i) = -3*p(i) - 4*t(i). What is y(11)?
6
Let u = -21 + 22. Suppose s - u = 1. Let f(h) = h**3 - 2*h**2 - 2*h. Let d be f(s). Let c(z) = -z**3 - 4*z**2 + z. Calculate c(d).
-4
Suppose 23*m - 11 + 11 = 0. Let q(t) = t**3 - t**2 + t + 29. Give q(m).
29
Let a be (-4)/(-14) - 206/721. Let h(g) = -g**2 + 2*g - 8. Calculate h(a).
-8
Let d(z) = z - 1. Let m(c) = -c**2 + 5*c - 7. Let t(o) = -5*d(o) + m(o). What is t(0)?
-2
Let r(q) be the third derivative of q**4/6 + 13*q**3/3 + 2*q**2 - 6. Give r(-5).
6
Let i be (-2 - -1)/((-1)/(-2)). Let o(d) = -1 + 1481*d - d**2 - 1481*d. Let t(p) = -10*p**2 - 3*p - 9. Let j(r) = 6*o(r) - t(r). What is j(i)?
13
Let c(w) = 4*w**3 - w**3 - 327*w**2 + 328*w**2. Determine c(-2).
-20
Let i(n) be the first derivative of n**2/2 - 3*n - 2. Let y be 6 + -2*(1 - 0). Suppose -c = -2*c + y. Give i(c).
1
Let r(n) = n**3 + 14*n**2 - 15*n - 10. Suppose -q - 15*k - 35 = -10*k, 72 = -4*q - 3*k. Calculate r(q).
-10
Let r(c) be the third derivative of -c**5/60 + 3*c**4/8 - 4*c**3 + 8*c**2 + 18. Calculate r(5).
-4
Let c = -6 + 9. Let t(s) = 2*s**2 - 6*s**3 + s - s**3 + 5*s**c + 2. Determine t(2).
-4
Let r = -38 - -41. Let z(t) = 3*t**3 + t**3 + t - 2*t**2 - 7*t**r. Determine z(1).
-4
Let d(i) = i**3 - 5*i**2 + 4*i + 4. Let w(b) = -4*b**3 + 14*b**2 - 11*b - 11. Let y(h) = -11*d(h) - 4*w(h). Give y(-1).
-6
Let b(f) = f**3 + 21*f**2 + 19*f - 25. Let p be 9/(-15) + ((-1455)/(-25))/(-3). Give b(p).
-5
Let y(q) be the third derivative of -q**5/60 + q**4/2 + 11*q**3/6 - 73*q**2. Give y(11).
22
Let b(u) = -5*u**3 - 9*u**2 + 11*u + 3. Let q(r) = r**3 + r**2 - r + 1. Suppose h + 9 = 8. Let y(f) = h*b(f) - 4*q(f). Calculate y(-6).
-1
Let w(t) = -t**2 + 10*t - 2. Suppose 37 = 6*c - 17. What is w(c)?
7
Let m(c) = c**3 - 4*c**2 + c - 3. Let w(k) = -k**3 - 11*k**2 - 31*k - 2. Let x be w(-5). Determine m(x).
-9
Let n(l) = 3*l - 3. Let f be n(8). Let q = f + -21. Suppose q = 4*a - i - i + 22, -31 = 5*a + i. Let r(t) = -2*t - 6. Calculate r(a).
6
Let i(h) = 2*h**3 - h - 4*h + 6*h - 3*h**3. Let o(y) = 5*y + 16 - 17*y + 11*y. Let u be o(15). Calculate i(u).
0
Let h(w) = -w**2 - 7*w + 5. Let n(d) = 4*d - 53. Let y be n(11). Calculate h(y).
-13
Let s(i) = i - 8. Let t be s(8). Let m be (-7 + t)/(14 - 15). Let c(h) = 338*h**2 - 337*h**2 + 4*h + h + m. Calculate c(-5).
7
Let h = -14 - -15. Let r(a) = 1 + h + 2*a - a. Give r(4).
6
Let o(g) = -7*g**3 - 5*g**2 + 5*g - 3. Let p(d) = 5*d**3 + 6*d**2 - 4*d + 3. Let h(x) = 3*o(x) + 4*p(x). Calculate h(9).
-6
Let t(s) = 15*s - 92. Let q be t(6). Let h(f) = 3*f**2 + 4*f + 4. Determine h(q).
8
Let t(w) = 9 + w + 0 - 5 - 7. Let u be (99/15 - 1) + 6/(-10). Calculate t(u).
2
Let x = -961 - -957. Let z(u) = 9*u + 6. Give z(x).
-30
Let g(z) be the third derivative of z**6/360 + 7*z**5/120 + z**4/6 - 16*z**3/3 - 33*z**2. Let d(k) be the first derivative of g(k). What is d(-8)?
12
Let l(i) be the first derivative of -i**4/8 - 3*i**2/2 - 4. Let q(m) be the second derivative of l(m). What is q(2)?
-6
Let h(v) = 11*v**3 - 5*v**2 - 2. Let s(q) = -5*q**3 + 3*q**2 + 1. Let z(p) = -4*h(p) - 9*s(p). Let l(t) = t**2 - 2. Let g be l(3). What is z(g)?
-1
Let x(r) = 14*r + 1. Let u be x(1). Let w(t) = -4*t - 7*t**2 - u + 11 + 6*t**2. Calculate w(-5).
-9
Let l(c) = -4*c + 24. Let s be 94/18 - (-22)/(-99). Let g be l(s). Let j(i) = -i**3 + 4*i**2 - 4*i + 6. Determine j(g).
-10
Suppose 2*k = 22*k + 160. Let u(s) = -4*s - 26. Give u(k).
6
Let v(o) = 3*o**2 + 3*o - 2. Let t be 1 - 2 - (-7)/1. Suppose -5*d + 2*d = -3. Let k be ((-2)/(-6))/(d/t). Calculate v(k).
16
Suppose 5*i - 48 = 42. Suppose -i = -2*v - 4. Let m(h) = -v*h**2 + 4 - 6 - 5*h + 11*h + h**3. Give m(6).
-2
Let z be ((-15)/(-5) - -2) + -3. Let d(k) = -12*k - 2. Give d(z).
-26
Let k = 126 - 125. Let d(i) = -12*i**3 - i**2 + i - 1. Determine d(k).
-13
Let b = 177 - 102. Let l = 73 - b. Let y(s) = -9*s - 1. Give y(l).
17
Suppose -17*m - 4*f = -12*m + 42, 3 = -3*m + 5*f. Let u(r) = -2*r + 2. Calculate u(m).
14
Let r(i) = 16 - 2*i + 22 + i + 17 - 76. Determine r(-22).
1
Let q(s) = -20*s**3 - 15*s - 53. Let n(a) = -3*a**3 - 2*a - 7. Let y(l) = -15*n(l) + 2*q(l). Let w be ((-1)/2)/((-1)/(-2)). Calculate y(w).
-6
Let l(p) = 4*p - 23. Let f be 4 + 18 + -7 + -10. What is l(f)?
-3
Let a(p) be the second derivative of -p**4/24 + p**3/6 - 9*p**2/2 + 9*p. Let u(g) be the first derivative of a(g). What is u(1)?
0
Let g(p) = -14*p**3 + 26*p**2 - 31*p - 11. Let t(d) = -5*d**3 + 9*d**2 - 11*d - 4. Let q(l) = 6*g(l) - 17*t(l). Let k(v) = -v + 1. Let n be k(4). What is q(n)?
-1
Let g(t) be the third derivative of -7*t**6/60 - t**5/30 - t**4/8 - t**3/3 + 357*t**2. C